 Calculate the remainder when j is divided by 7.
4
Let f(w) = -80*w**3 + w**2. Let s be f(-1). Suppose 4*q - 2*a - s = 3*a, 0 = -3*a + 9. Calculate the remainder when 71 is divided by q.
23
Let q = -7 - -12. What is the remainder when q is divided by 4?
1
Let m = -16 - -29. Calculate the remainder when 24 is divided by m.
11
Let g(o) = o**3 - 5*o**2 - 4*o - 5. Let c(d) = 3*d**2 + 2*d**2 - 2*d + d. Let v be c(-1). What is the remainder when 13 is divided by g(v)?
6
Let d be 0/(3 + -2) + 15. Suppose 45 = 5*l - d. Calculate the remainder when 47 is divided by l.
11
Let t = -6 + 39. Let f(b) = 2*b - 14. What is the remainder when 3/6 - t/(-2) is divided by f(10)?
5
Let q(c) = c**2 + 2*c + 1. Let i(x) = -x**2. Let z be i(3). Calculate the remainder when q(-6) is divided by (z/15)/(2/(-30)).
7
Suppose -3*x = 21 - 12. What is the remainder when 35 is divided by (-9)/(-4)*(x + 7)?
8
Let a be (-56)/36*3*6. Let b = a + 63. What is the remainder when b is divided by 19?
16
Suppose 108 = -w - 3*w. Let r = w + 15. Calculate the remainder when 14 is divided by (6/(-9))/(1/r).
6
Let a = 163 + -54. What is the remainder when a is divided by 22?
21
Let o(z) = -7*z**3 - z**2 + z + 2. Let s be o(-2). Suppose 11*d - 7*d - s = 0. Calculate the remainder when 38 is divided by d.
12
Let s be -2 - (-1 + 7)/(-1). Let x = 6 - s. What is the remainder when (-1 + 1 - 0) + 4 is divided by x?
0
Let u = -538 - -557. What is the remainder when u is divided by ((-10)/4)/1*-2?
4
Let z(k) = k**2 + 11*k + 24. Let j(h) = 5*h**2 + 2*h + 1. What is the remainder when j(2) is divided by z(-10)?
11
Suppose -2 - 4 = -2*z. Suppose -z*o + 8*o = 35. Calculate the remainder when 12 is divided by o.
5
Let d be 9/(1 - -2) - 3. Suppose -2*h + 124 = -d*h. Suppose h = 4*v + a, 13 = -2*v - a + 45. Calculate the remainder when 27 is divided by v.
12
Suppose 2*f = 3*q - 5 + 15, 2*q - 52 = -4*f. Let z be ((-3)/5)/(2/(-10)). Suppose z*k - 39 = 54. What is the remainder when k is divided by f?
9
Let x(m) = m**3 + 3. What is the remainder when x(0) is divided by 2?
1
Suppose 0 = 3*x - 3, -2*r + 2*x - 9 + 29 = 0. What is the remainder when r is divided by 2?
1
Suppose -66 = -5*w + 4. Calculate the remainder when 52 is divided by w.
10
Let m(l) = -l**2 - l**2 + 8*l - 2*l**2 - 9 + 6*l**2. Calculate the remainder when m(-7) is divided by 17.
16
Suppose 4*x + 5 = 13. Suppose -3*k = x*k - 25. Suppose -f = q - 15 + 2, -3*f = -k*q + 97. What is the remainder when q is divided by 6?
5
Suppose 334 + 110 = 4*i. Suppose -2*q - 2*s + 110 = 0, -q = -2*q - 3*s + 61. Calculate the remainder when q is divided by (-2)/4 + i/6.
16
What is the remainder when -2*(0 - (-37)/(-2)) is divided by ((-13)/(-5))/((-6)/(-30))?
11
Let c be (-1 - -2)*(7 + -2). Calculate the remainder when 67 is divided by c/(-35) + (-240)/(-14).
16
Suppose 0 = -2*a + a + 21. What is the remainder when a is divided by 12?
9
Suppose -j = -0 + 2. What is the remainder when 30*(0 - j/3) is divided by (8 - 1) + (2 - 2)?
6
Suppose 5*j = -3*d + 377, 5*d + 2*j = -0*d + 603. Calculate the remainder when d is divided by 20.
19
Let n = 2 - 2. Suppose 0*x = -5*b + x + 48, -3*b - 4*x + 38 = n. Let k = b - 6. What is the remainder when k is divided by 2?
0
Suppose 3*x = 2*c + 5, -x + 5*x - 3*c - 7 = 0. Suppose 2*h - h = 2. Calculate the remainder when h is divided by x.
0
What is the remainder when 226/10 - 6/(-15) is divided by 12?
11
Let x(f) be the first derivative of 8*f**2 + f - 3. What is the remainder when x(1) is divided by 6?
5
Let d(z) = 5*z**3 + 29*z**2 - 3*z + 32. Let u(b) = -3*b**3 - 15*b**2 + 2*b - 16. Let a(n) = 4*d(n) + 7*u(n). What is the remainder when a(11) is divided by 10?
8
Let r = 9 - -8. Suppose -s - 250 = -6*s. Calculate the remainder when s is divided by r.
16
Let h(k) = -k + 11. Let l be h(11). Suppose 4*y = -l*y + 24. What is the remainder when 20 is divided by y?
2
Let w = -2 - -5. Let j(p) = p**2 - p**3 + 1 + 0*p**2 + w*p**2 + 2*p. Calculate the remainder when 31 is divided by j(3).
15
Let t be (-168)/18 + 4/(-6). Let i be (-4)/t - (-56)/10. Suppose -n - 1 = -i. Calculate the remainder when 9 is divided by n.
4
Let x(s) = -11*s - s + 4 - 5. Let u(p) = -p - 10. Let d be u(-8). Calculate the remainder when 45 is divided by x(d).
22
Calculate the remainder when (1 - (-77)/(-2))/((-2)/4) is divided by 13.
10
Let d = 1 + -1. Suppose 2*x = -d*x + 14. Suppose -4 = -c + 2*b, x*c - 5*b = 4*c + 14. What is the remainder when 15 is divided by c?
7
Suppose 6 - 18 = -3*s. Let n be 1/(-2) + 74/4. Suppose -r = -s*f + 36, -2*f + 3*r = -r - n. Calculate the remainder when 16 is divided by f.
7
Suppose 3*y = 4*y - 51. Calculate the remainder when y is divided by 9.
6
Let a(s) = -s + 5. Let f be a(7). Suppose -c + r + 13 = -3, r = -3*c + 36. Calculate the remainder when 22 is divided by f + 1/1 + c.
10
Let k be (-248)/(-24) + (-2)/6. Suppose -v + k = -0*v. What is the remainder when v is divided by 4?
2
Calculate the remainder when 255/34*((-6)/(-5))/1 is divided by 4.
1
Let r(p) = p**3 + 1 - 5*p**2 - p - 2 + 4*p**2. What is the remainder when 40 is divided by r(3)?
12
Let c(k) = -4*k**2 + 49*k + 58. Let p(m) = -3*m**2 + 33*m + 39. Let y(d) = 5*c(d) - 7*p(d). Calculate the remainder when 5 is divided by y(-13).
1
Suppose -39 = 4*o - 3*b, 5*o + b + 40 = -4*b. Let p = 12 + o. Calculate the remainder when 9 is divided by p.
0
Let w = -15 + 17. Suppose -h = -5*s + 49, w = 4*s - 2*s + 4*h. Calculate the remainder when 50*((-2)/4 - -1) is divided by s.
7
Suppose 2*r - z - 16 = 0, -24 = -4*r - 0*z - 2*z. Calculate the remainder when r is divided by 4.
3
Let a(b) = -6*b - 3. Let j(i) = -2. Let l(m) = -m. Let v(h) = -j(h) + 3*l(h). Let s be v(2). What is the remainder when a(s) is divided by 11?
10
Suppose 2*b = b + 69. Calculate the remainder when b is divided by 18.
15
Let h(t) = -3*t + t**2 + 4*t - 7 - 5*t. Let i be h(6). Suppose -i*r - k + 9 = -9, -5*r + 3*k + 26 = 0. Calculate the remainder when r is divided by 3.
1
Let g = 198 + -81. Let b = -78 + g. Calculate the remainder when b is divided by 20.
19
Let o(y) = y**3 + 6*y**2 - 6*y - 5. Let m be o(-6). Let w = 10 + 1. What is the remainder when (3 - 4)*m*-1 is divided by w?
9
Suppose 18 + 12 = 2*b. Calculate the remainder when 41 is divided by b.
11
Let t(x) = -1 - 2*x**2 + 0*x**2 - 4*x + 3*x**3 + 6*x. Let g be t(1). What is the remainder when 3 is divided by (1/g)/((-3)/(-6))?
0
Suppose -4*v - 5*d + 77 = 0, v - 5*d + 64 = 4*v. What is the remainder when v is divided by 8?
5
Let f(h) = 2*h - 16. Let v be f(9). What is the remainder when 4*1/2 - -42 is divided by (90/(-12))/(v/(-4))?
14
Suppose -5*p = -2*u - 60, -1 - 5 = p - 4*u. Let m = 25 - p. Calculate the remainder when 43 is divided by m.
10
Let r(w) = w**3 + 10*w**2 - 11*w + 7. Suppose 2*v = -3*p - 25, 0 = p + p - 3*v + 34. Calculate the remainder when 26 is divided by r(p).
5
Let c(x) = 2*x + 10. Calculate the remainder when 71 is divided by c(7).
23
Let y be (12/(-8))/(3/(-680)). Calculate the remainder when 11 is divided by y/100 - (-2)/(-5).
2
Suppose -5*a + 113 = 43. What is the remainder when 54 is divided by a?
12
Let m be ((-8)/5)/((-2)/65). Suppose 4*y + 0*y = m. Calculate the remainder when y is divided by 8.
5
Let s be -1*1 - (12 - 13). Suppose s = 4*i - 40 - 12. What is the remainder when 37 is divided by i?
11
Let i = 22 + -14. Let c = i - 6. Calculate the remainder when 4 is divided by c.
0
Suppose -3*p - 2*d = 71, 0 = -4*p + 3*d + 28 - 134. Let q = 35 + p. Calculate the remainder when 29 is divided by q.
9
Let b = 3 + -3. Suppose r + b*r = d + 18, 4*r - 5*d = 74. Let w(a) = 10*a. Calculate the remainder when w(3) is divided by r.
14
Let y be (-42)/(-1 + (2 - 2)). Suppose -5*w + 3*n - 10 = 0, 4*w + n + 8 = -n. Let x = w + y. Calculate the remainder when x is divided by 14.
12
Let h = -6 + 21. Calculate the remainder when 27 is divided by h.
12
Suppose -11 = -3*m + 1, 80 = 4*d - 5*m. Calculate the remainder when 48 is divided by d.
23
Suppose 0 = -w - 2*w + 36. Calculate the remainder when 21 is divided by w.
9
Suppose -2*l - 4*y + 29 = 3*l, -3*l - y = -16. What is the remainder when 18 is divided by l?
3
Let i(c) = c**3 + c**2 - 5*c + 5. Calculate the remainder when 102 is divided by i(3).
24
Let a(r) = 3*r**2 - 2*r + 1. Suppose 